- 13 - 7*p + 14. Calculate s(-2).
8
Let c(u) = u**2 - 5*u - 15. Let n be c(7). Let d(j) be the first derivative of -7*j**4 + j - 54. What is d(n)?
29
Let m(p) = -p - 8. Let r be m(-11). Let t be r + 2 + 33/3. Let o = 10 - t. Let j(n) = n + 1. Give j(o).
-5
Let h(g) = 12*g + 16*g + 7*g - 17*g. Calculate h(-1).
-18
Let z be (-2 + (-2 - -4))/1. Let f = -8 + 13. Let q(h) = -h**3 - h**2 + 2*h. Let w(s) = 2*s**3 + 3*s**2 - 5*s + 1. Let c(v) = f*q(v) + 2*w(v). Give c(z).
2
Suppose -63 = 9*x - 0*x. Let h(t) = t**3 + 6*t**2 - 10*t - 17. Determine h(x).
4
Let x(h) = 5*h**2 + h. Suppose -7*a + 3*a + 20 = 0. Suppose i = 6*i + a. Let r be 12/9 + i/3. Give x(r).
6
Let u = -45 - -54. Let f(a) = -10 - a**2 + 2*a - 10*a - a**3 + 11*a**2. Calculate f(u).
-1
Let h be 8 + -2 - 9 - -4. Let c(v) = 23*v**2 + 3*v - 5. Let r(j) = 12*j**2 + 2*j - 3. Let n(f) = -3*c(f) + 5*r(f). Give n(h).
-8
Let m(w) = 3*w - 3. Let c = -90 - -93. Let v be m(c). Let s(l) = -l**3 + 5*l**2 + 5*l + 4. What is s(v)?
-2
Suppose 3*v + 71 + 193 = -5*o, -3*o + 3*v = 144. Let y = -57 - o. Let a(g) = g - 3. What is a(y)?
-9
Let k(s) = -s**3 + 4*s**2 + 2*s - 4. Let w(n) = n**2 - 8*n + 16. Let d be w(8). Suppose -d = -l - 3*g, 0 = -2*l + 2*g - 6*g + 24. Determine k(l).
4
Let s(i) = i**3 + 10*i**2 - 2*i - 14. Let f be ((-27)/36)/((-2)/(-40)). Let l be -2*3*f/(-9). Let c be s(l). Let t(v) = v**3 - 5*v**2 - 6*v + 6. Determine t(c).
6
Let v(s) = -5 + 130*s**2 + 0*s + 7*s - 2*s - 129*s**2. Determine v(-6).
1
Suppose 3*d - 48 = -0*d. Suppose t - 3*t + h - 8 = 0, -d = -2*t - 5*h. Let q(z) = 6*z - 2. Let s(g) = -7*g + 3. Let b(x) = -6*q(x) - 5*s(x). Determine b(t).
-1
Suppose -8*w = -3*w + 55. Let q = -6 - w. Let f(t) = -2112*t**3 + t + 2 + 1059*t**3 + 5*t**2 + 1052*t**3 + 3. What is f(q)?
10
Let j(d) = -d**3 + 2*d**2 - 4*d - 5. Let h = 139 - 140. Let g be j(h). Let p(i) = 12*i - 3. Determine p(g).
21
Let v = -31 - -26. Let t(m) = -5*m**2 - 9*m - 5. Let y = 11 + -15. Let j(z) = 6*z**2 + 10*z + 5. Let c(b) = y*j(b) - 5*t(b). Give c(v).
5
Let t(n) = -n**3 - 8*n**2 + 9*n. Suppose -165 = 12*h + 3*h. Let k be -3*((-3 - h) + -5). Calculate t(k).
0
Let i(t) be the third derivative of -t**4/12 - t**3/6 + 3*t**2. Let v(u) = -13*u**3 - 2*u**2 - 2*u - 1. Let x be v(-1). Let r = x + -11. Determine i(r).
-3
Let c(w) = -w**3 - 2*w**2 + w. Let v = 26 + -37. Let y = v - 4. Let d = -18 - y. What is c(d)?
6
Let j = 200 - 204. Let s(o) = -o**2 + 2*o + 2. Give s(j).
-22
Let s be (-2)/(3 + 22/(-8)). Let f = 9 + s. Let z(k) = -k**2 - 7*k + 0*k**2 + 6*k + f. Determine z(-2).
-1
Let n(h) be the first derivative of -h**6/60 - h**5/60 + h**3/3 - 9*h**2 + 4. Let q(s) be the second derivative of n(s). What is q(-2)?
14
Let i = -21 + 24. Let v(l) = 2*l - 6*l**3 + 6 + 5*l**2 + 5*l**i - 2*l**3 + 2*l**3. Calculate v(5).
16
Let p(y) = y**3 - 9*y**2 - 10*y + 4. Suppose -6*x - 453 = -75. Let r = 73 + x. Give p(r).
4
Let p be 4/(-3 + 11)*-4. Let k(n) = 2*n**2 + n + 1. Let q be k(-1). Let r(o) = 4 + o**3 + o + 2*o + 0*o - 3 + o**q. Give r(p).
-9
Suppose -7*g + 5*g + 16 = 0. Let m(j) = -j - 10 + 3*j - j. Calculate m(g).
-2
Let r(a) = 6*a - 1. Let u(z) = -1. Suppose -3*q + 4*b = 3 - 16, -5*b - 5 = 0. Let m(w) = -w + 12. Let y(g) = q*u(g) + m(g). Let p be y(8). What is r(p)?
5
Let l = 11 + -9. Suppose -w - 30 = -4*w. Let i(r) = w - 7 - l*r + 3*r + 5. Calculate i(-4).
4
Let n(w) = w**3 + 6*w**2 + 5*w - 10. Let p(g) = g**3 - g - 2. Let o(m) = -n(m) + 2*p(m). Let u be (8/(-12))/((-1)/(-9)). Let f = u + 13. Calculate o(f).
6
Let o(j) = -7 - 385*j + 9 + 389*j. What is o(-1)?
-2
Let c(n) = n**2 - 7*n + 4. Let u be (-1 - -2) + -2 + 1. Suppose u = -4*f - 0*f - 8. Let t(i) = -3*i**2 + 14*i - 8. Let j(h) = f*t(h) - 5*c(h). Calculate j(-7).
-4
Let k(d) = d + 3. Let v(m) = 9*m**2 + 90*m + 75. Let t be v(-9). Give k(t).
-3
Suppose 24 = 3*p - 7*p. Suppose 5*t = 2*a + 14, -10 = t - 2*t + 4*a. Let r(x) = 41 + x**3 + 43 + 5*x**t - 76 - 5*x - x. Determine r(p).
8
Let u(q) = 9*q - 10. Let z(k) = -4*k + 4. Let h(y) = 3*u(y) + 7*z(y). Calculate h(-3).
1
Let b(r) = -8 + 55*r - 3 - 112*r + 60*r. Determine b(3).
-2
Let t(d) = -2*d**2 + 6*d + 7. Suppose 3*a - j + 63 = 0, 4*a - 3*j = 19 - 98. Let h = 26 + -43. Let x = h - a. What is t(x)?
-13
Suppose -2*o + 35 = -5*p, -3*o - 4*p - 8 + 3 = 0. Let h be (6/(-15))/(1/o). Let j(i) = 2*i**2. Calculate j(h).
8
Let w(n) = n**3 - n**2 + n - 6. Let h be (-2 - 25/(-15))*0. Determine w(h).
-6
Let s(c) = 8*c - 5. Suppose 4 = 235*p - 233*p. Suppose -t = -2*a - p, t + 14 = 5*t - 2*a. Determine s(t).
27
Let s(q) = q**3 - 3*q**2 - 10*q. Let z be s(5). Let v(r) = -3*r + 2*r + z*r. Calculate v(5).
-5
Suppose 3*m + 1 = 4*m, -2*g = -4*m - 20. Let k = 9 - g. Let j(z) be the first derivative of -z**4/4 - z**3/3 + 2*z**2 + 2*z + 1. Give j(k).
8
Let o(z) = -z**3 - 5*z**2 - 3*z - 2. Let x be o(-4). Suppose -26 - 37 = -9*d. Let j(u) = 61 - 61 - u**2 - d*u. Calculate j(x).
6
Let o be -6 + (-1 - 0) + 2. Let a(n) = -7*n + 1 - n**2 + 2 + n + 4*n. Determine a(o).
-12
Let i(s) = -s + 6. Let k be i(-5). Suppose -2*w - 19 = 3*j - 0*w, -3*w - k = 2*j. Let y(m) = 3*m**2 - 3 + 0*m - 3*m - 3*m - m**3 - 11*m**2. Calculate y(j).
-10
Suppose 5*v + 3*p + 2*p = -15, 0 = 2*v - p. Let f(n) = -n - 3. Calculate f(v).
-2
Let p(w) = 2*w**3 - 31*w**2 - 44*w - 2. Let z(y) = y**3 - 15*y**2 - 21*y - 1. Let i(v) = -4*p(v) + 9*z(v). Give i(12).
-13
Suppose -4*f + 2*d - 3 = -21, 3*f + 4*d - 19 = 0. Suppose 2*b = -2 + 4. Let m(g) = -6 + b - f - g. What is m(-6)?
-4
Let v(x) be the first derivative of x**3/3 - 3*x**2 - 6*x - 22. What is v(5)?
-11
Let k(m) = -9 + 3*m + m**2 - 20 + 9 + m**3 + 7*m**2 - 2. Calculate k(-7).
6
Let u(o) = o + 2. Suppose -7*h + 11 + 3 = 0. Determine u(h).
4
Let b be ((-6)/(-8))/((-57)/(-24) - 2). Let t(p) = -26 - p**3 - b*p**2 + 5*p + 17 + 7*p**2 + 2*p. What is t(6)?
-3
Let t(c) = 14*c + 4*c + 3*c - 23*c - 2. Give t(-2).
2
Let l(f) = -f**3 + 5*f**2 + 8*f - 9. Let d = -543 - -549. Calculate l(d).
3
Let n(z) be the third derivative of -z**5/60 - z**4/6 + 5*z**3/6 - 16*z**2. Give n(-4).
5
Let f(l) = 2*l + 7. Let c be f(-5). Let k(u) = 2*u + 5. Let b be k(c). Let o(v) be the first derivative of -v**4 + v**3/3 - v + 2. Calculate o(b).
4
Let d be (-3)/(4/4*-1). Let n(i) = -5*i**3 + 2*i + 5. Let t(o) = 4*o**3 - o**2 - o - 4. Let b(j) = -3*n(j) - 4*t(j). Calculate b(d).
4
Let l(q) = -13*q**2 - 9*q + 9. Let n(m) be the second derivative of -7*m**4/12 - 5*m**3/6 + 5*m**2/2 + 20*m. Let b(g) = 4*l(g) - 7*n(g). Determine b(1).
-3
Suppose -16 = 5*g - 41. Let k(j) = -g*j - 2*j**2 + 2 + 3*j**2 - 3 - 6. Calculate k(5).
-7
Suppose 5*s = 5 + 5. Let u(q) = q - 1. Let r(k) = 13*k - 9. Let l(m) = 90*m - 63. Let z(h) = 4*l(h) - 27*r(h). Let b(t) = 33*u(t) - 4*z(t). Give b(s).
-3
Let p(h) = 22*h - 40*h - 3 + 17*h. Determine p(-6).
3
Let s(b) = -4*b**3 - 6*b**2 + 4*b - 5. Let g(x) = 3 - 13*x + 3 + 4*x + 5*x + 5*x**3 + 7*x**2. Let n(u) = 3*g(u) + 4*s(u). Calculate n(-4).
-2
Let s(m) = m**3 + 2*m**2 - m + 3. Let b(v) = -v**2 - 1. Let d(h) = 2*b(h) + s(h). Let l be 15/(-3) + 10 + -4. Give d(l).
1
Let g be -2 - ((-12)/16 - 3/12). Let n be 2/(-2)*1 - (-4)/g. Let x(t) = t**2 + 4*t + 1. What is x(n)?
6
Let w(g) = -g + 2. Suppose -1 = -5*z + 2*q - 30, -4*q + 8 = 0. What is w(z)?
7
Let g(h) = h**3 - 9*h**2 - 3*h - 4. Let b(w) = -w**3 + 7*w**2 + 3*w + 3. Let a(m) = -7*b(m) - 6*g(m). Determine a(-5).
18
Let s(g) = -6 + 11 - 6 - 27*g**3 + 8*g - 9*g + g**2. What is s(-1)?
28
Let p be (-21 - -1)*(-6)/(-24). Let a(t) be the second derivative of t**4/12 + t**3 + 3*t**2 - t. Determine a(p).
1
Let y be (18 + 23 - 18) + -16. Let z(r) be the third derivative of -r**5/60 + 3*r**4/8 - 5*r**3/3 - r**2. Determine z(y).
4
Let h(u) = 15*u. Let v(i) = i**3 - 2*i**2 - i + 1. Let n be v(-1). Give h(n).
-15
Let m(l) = l**3 + 5*l**2 - 4*l + 13. Let d be 5 - (-11)/44*-44. Give m(d).
1
Let h(f) = -4*f**3 - 3*f**2 + 6*f - 4. Let k(v) = -v**3 - 1. Let o(g) = -g**2 + g. Let j(c) = k(c) + o(c). Let w(a) = -h(a) + 5*j(a). Determine w(-1).
-1
Let o = 228 - 219. Let j(b) = 2*b - 29. What is j(o)?
-11
Let o(z) = z**3 + 24. Suppose 0 = 148*f - 150*f. What is o(f)?
24
Let j(r) be the third derivative of -r**5/60 - r**4/8 + 5*r**3/6 - 281*r**2. Determine j(-7).
-23
Let t(g) = 10*g - 20 - 10*g**2 + 16 - 6*g + 9*g**2.